04022 + 3?
-50104015
In base 11, what is -5 - 3446?
-3450
In base 16, what is 62b0a9 - 0?
62b0a9
In base 9, what is 53 + -31?
22
In base 7, what is -3026 + -446?
-3505
In base 10, what is 0 - 45572?
-45572
In base 3, what is 120001 - -120101?
1010102
In base 3, what is -1222220 + 1121?
-1221022
In base 5, what is 1 + 1312141?
1312142
In base 16, what is -2 + 13d74?
13d72
In base 14, what is -12d2 + 6?
-12ca
In base 4, what is -33233313 + 13?
-33233300
In base 5, what is 1220 + -1403?
-133
In base 14, what is dd33 - d?
dd24
In base 10, what is 41 + 7935?
7976
In base 8, what is 17172 - 2?
17170
In base 2, what is 1000 + -10100101101000?
-10100101100000
In base 10, what is 14 + 54?
68
In base 9, what is -185513 - 2?
-185515
In base 8, what is 5 + 1153253?
1153260
In base 13, what is -4b246 + -c?
-4b255
In base 4, what is -30203 + -21221?
-112030
In base 10, what is -3223 + 13?
-3210
In base 5, what is 11441 + 4313?
21304
In base 11, what is -215 + 63?
-162
In base 11, what is -21253 + 84?
-2117a
In base 2, what is -1011111011111010000 + -100?
-1011111011111010100
In base 14, what is -12654 + -5?
-12659
In base 16, what is 2 + 12e59?
12e5b
In base 7, what is -4 + 4352330?
4352323
In base 7, what is 3063330 - 4?
3063323
In base 6, what is -4 + -12044250?
-12044254
In base 6, what is -3223 - 221?
-3444
In base 5, what is -34411 + -4?
-34420
In base 8, what is -47 + 67665?
67616
In base 13, what is 36 - -9a2?
a08
In base 8, what is 150 - -45?
215
In base 16, what is 12ed - -5?
12f2
In base 7, what is 1406403 - 1?
1406402
In base 5, what is 3422440 + -30?
3422410
In base 10, what is -39488 - 2?
-39490
In base 4, what is 31 + -3101220?
-3101123
In base 3, what is -102222101221 - 10?
-102222102001
In base 14, what is -54 + 1285?
1231
In base 12, what is -31 + 240a?
2399
In base 16, what is -8bf - -48?
-877
In base 6, what is 3 - 1323352?
-1323345
In base 9, what is 71 + 328?
410
In base 3, what is 0 + -211212020?
-211212020
In base 13, what is 3063 + 3?
3066
In base 6, what is 212500 + -14?
212442
In base 7, what is 1135246 - -1?
1135250
In base 2, what is -1101110 + -10100001011?
-10101111001
In base 13, what is -2926 + -55?
-297b
In base 15, what is -2b8ab - 0?
-2b8ab
In base 11, what is 1a592 - -6?
1a598
In base 15, what is 5 + -2092?
-208c
In base 5, what is -10222023 + 0?
-10222023
In base 8, what is -1 - 66224?
-66225
In base 8, what is 1 - -312013?
312014
In base 9, what is -3160 + 47?
-3112
In base 5, what is -103 + 44032?
43424
In base 9, what is -156738 - -2?
-156736
In base 16, what is 15 + -38f2?
-38dd
In base 4, what is -11332 + -1220?
-13212
In base 2, what is 1101101 - -111010111000?
111100100101
In base 6, what is -1030 + -2544?
-4014
In base 2, what is -1011011101110010110 - -1?
-1011011101110010101
In base 11, what is -3260 + -42?
-32a2
In base 16, what is -17 - 293?
-2aa
In base 14, what is -77343 - -8?
-77339
In base 15, what is 63 + -10a2?
-103e
In base 9, what is -6514 + -40?
-6554
In base 10, what is 47726 + 5?
47731
In base 13, what is 742 - 303?
43c
In base 8, what is -4133 - 23?
-4156
In base 8, what is -45 + 6453?
6406
In base 3, what is -111 + -221201102?
-221201220
In base 2, what is -1 - 10010010000111?
-10010010001000
In base 15, what is 4 - -4061?
4065
In base 16, what is 1 - -ecd6?
ecd7
In base 12, what is 70 + -1?
6b
In base 15, what is -62 - 40?
-a2
In base 2, what is 10111010000010101110 + -10?
10111010000010101100
In base 7, what is -212 + 4265?
4053
In base 5, what is 2 + 1120412?
1120414
In base 4, what is -1101 + -111103?
-112210
In base 11, what is -990 + 1466?
586
In base 15, what is -27 + b60?
b38
In base 13, what is -39484 + 3?
-39481
In base 3, what is 12 + -2112202011?
-2112201222
In base 16, what is -4 - cb24?
-cb28
In base 9, what is -231 - 155?
-386
In base 9, what is -2816102 - 2?
-2816104
In base 2, what is 10 + -100111000101110011?
-100111000101110001
In base 12, what is -62ab + -3?
-62b2
In base 7, what is -4115 - 60?
-4205
In base 16, what is 4 - -2cad5?
2cad9
In base 3, what is -122110 + 1110220?
211110
In base 7, what is -336 - 425?
-1064
In base 10, what is -4 + -4097?
-4101
In base 8, what is 5 - -730366?
730373
In base 16, what is -4 + -1a76?
-1a7a
In base 8, what is 6545653 + 2?
6545655
In base 2, what is 1110001010010 + -110011?
1110000011111
In base 2, what is 110010001 + -1001010011010?
-1000100001001
In base 13, what is 1292 + 245?
1507
In base 2, what is -101011 - -1000111111010101?
1000111110101010
In base 2, what is -101 + -10111101011110?
-10111101100011
In base 14, what is -128 + 88?
-80
In base 16, what is -39 + 961?
928
In base 7, what is -664233 + 4?
-664226
In base 3, what is -10020 - -201201?
121111
In base 5, what is 14224 + 1013?
20242
In base 5, what is -1044240201 - 0?
-1044240201
In base 13, what is -9 - 774?
-780
In base 16, what is 374 - -157?
4cb
In base 16, what is -2 + 8af9e?
8af9c
In base 15, what is 10 - 5a69?
-5a59
In base 7, what is 321551 + -34?
321514
In base 8, what is -1340 + 336?
-1002
In base 12, what is 1315 + -4a6?
a2b
In base 10, what is -1 - -665?
664
In base 6, what is 4 - -5540534?
5540542
In base 7, what is -1235230 - 0?
-1235230
In base 14, what is -dd17 + 0?
-dd17
In base 4, what is 23 - 2223133?
-2223110
In base 14, what is -3d96 + 2?
-3d94
In base 4, what is 131012001 - 2?
131011333
In base 9, what is -2615 - 4?
-2620
In base 15, what is -cc10 + -2?
-cc12
In base 5, what is 3 + 23301?
23304
In base 12, what is 4 + -42a04?
-42a00
In base 8, what is -3 - -17404?
17401
In base 10, what is 91385 + 3?
91388
In base 4, what is 20210 + 1011?
21221
In base 3, what is -2 + -100001111101?
-100001111110
In base 12, what is 0 + -7175?
-7175
In base 11, what is 117078 - -2?
11707a
In base 13, what is -2a4 + 74?
-230
In base 12, what is -6 + -34b?
-355
In base 14, what is -99 + -36?
-d1
In base 15, what is -11aa - 2e1?
-149b
In base 12, what is 0 + 44496?
44496
In base 13, what is -388c - 104?
-3993
In base 11, what is 67a89 + -9?
67a80
In base 15, what is 58 - 6136?
-60cd
In base 3, what is 2021201 + 20?
2021221
In base 4, what is 2121 + -20222?
-12101
In base 6, what is 351100 + -4?
351052
In base 2, what is 11001010010 - -1101?
11001011111
In base 15, what is 189b + -57?
1844
In base 6, what is 1005553 + 11?
1010004
In base 3, what is 1 - 2110012210?
-2110012202
In base 5, what is -12224312 + 1?
-12224311
In base 13, what is -1 + 194b?
194a
In base 15, what is 2 - -3027?
3029
In base 15, what is c3c1 + 5?
c3c6
In base 11, what is 12909 - 0?
12909
In base 15, what is 56a2 + 5e?
5711
In base 4, what is -21321022 - -2?
-21321020
In base 7, what is -5106 + 32?
-5044
In base 13, what is 3 - 4005?
-4002
In base 4, what is 10321222 + -20?
10321202
In base 8, what is -2715 + 764?
-1731
In base 7, what is 344 - 130131?
-126454
In base 4, what is 1 + -2230113201?
-2230113200
In base 10, what is -7 + -4757?
-4764
In base 8, what is -4 - 70014?
-70020
In base 12, what is -499 + -146?
-623
In base 12, what is 15 - 44a?
-435
In base 12, what is -17 + 4325?
430a
In base 9, what is -2210608 + 3?
-2210605
In base 10, what is -8 + -154301?
-154309
In base 4, what is 1233 - -2221?
10120
In base 8, what is -11435 + 37?
-11376
In base 12, what is -7 + 2831b?
28314
In base 2, what is -1101001111110 - -1100?
-1101001110010
In base 11, what is 31928 + -a?
31919
In base 9, what is 51016 - -2?
51018
In base 6, what is -103334 - 2?
-103340
In base 15, what is -544 + 7e?
-4b5
In base 15, what is -9190 - 37?
-91c7
In base 4, what is 12 + -13023320?
-13023302
In base 5, what is -1320 - -433?
-332
In base 3, what is -2101011 - 2100?
-2110111
In base 14, what is -24 - -d23?
cdd
In base 15, what is -17e + -20e?
-38d
In base 4, what is 120203 + -2?
120201
In base 10, what is -933222 + -3?
-933225
In base 6, what is -2 - -120155?
120153
In base 3, what is -2 - 102220122121?
-102220122200
In base 6, what is 3 + 44510?
44513
In base 3, what is -10122011022 + 1?
-10122011021
In base 12, what is 4 - -17173?
17177
In base 14, what is 1045 - -43?
1088
In base 2, what is -10000001 + 110011001010?
110001001001
In base 7, what is 0 - -15300?
15300
In base 2, what is 10100 - 1010110101110010?
-1010110101011110
In base 3, what is 10022000001 + -12?
10021222212
In base 8, what is 132 - 101?
31
In base